{"id":27,"date":"2021-02-14T13:56:40","date_gmt":"2021-02-14T11:56:40","guid":{"rendered":"http:\/\/spalatoriimehedinti.ro\/?page_id=27"},"modified":"2024-11-08T11:08:44","modified_gmt":"2024-11-08T08:08:44","slug":"multumim","status":"publish","type":"page","link":"https:\/\/spalatoriimehedinti.ro\/index.php\/multumim\/","title":{"rendered":"Mul\u021bumim!"},"content":{"rendered":"\n<p class=\"has-text-align-center has-background-color has-secondary-background-color has-text-color has-background\"><strong>Am recep\u021bionat datele de la dumneavoastr\u0103. <\/strong><\/p>\n\n\n\n<p class=\"has-text-align-center has-secondary-background-color has-text-color has-background\" style=\"color:#d3250e\"><strong><br>Ve\u021bi primi un email din partea noastr\u0103, care trebuie confirmat \u00een maxim 3 minute de dumneavoastr\u0103.<\/strong><\/p>\n\n\n\n<h2 class=\"wp-block-heading has-text-align-center\">Mul\u021bumim!<\/h2>\n\n\n\n<p class=\"has-background-color has-secondary-background-color has-text-color has-background\">Programarea r\u0103m\u00e2ne valabil\u0103 timp de maxim 10 min din momentul cand ar trebui sa fiti in locatia noastr\u0103, daca timpul se extinde mai mult de 10 min, se reduce timpul necesar de a va oferi toate serviciile cerute \u0219i nu le vom mai putea realiza.<br>Multumim pentru intelegere!<\/p>\n\n\n\n<p><\/p>\n\n\n\n<p class=\"has-text-align-center has-background-color has-secondary-background-color has-text-color has-background\">[ <a href=\"https:\/\/spalatoriimehedinti.ro\/\" data-type=\"page\" data-id=\"14\"><strong>programare nou\u0103<\/strong><\/a> ]<\/p>\n","protected":false},"excerpt":{"rendered":"<p>Am recep\u021bionat datele de la dumneavoastr\u0103. Ve\u021bi primi un email din partea noastr\u0103, care trebuie confirmat \u00een maxim 3 minute de dumneavoastr\u0103. Mul\u021bumim! Programarea r\u0103m\u00e2ne valabil\u0103 timp de maxim 10 min din momentul cand ar trebui sa fiti in locatia noastr\u0103, daca timpul se extinde mai mult de 10 min, se reduce timpul necesar de [&hellip;]<\/p>\n","protected":false},"author":1,"featured_media":0,"parent":0,"menu_order":0,"comment_status":"closed","ping_status":"closed","template":"","meta":{"_acf_changed":false,"_themeisle_gutenberg_block_has_review":false,"footnotes":""},"class_list":["post-27","page","type-page","status-publish","hentry"],"acf":[],"_links":{"self":[{"href":"https:\/\/spalatoriimehedinti.ro\/index.php\/wp-json\/wp\/v2\/pages\/27","targetHints":{"allow":["GET"]}}],"collection":[{"href":"https:\/\/spalatoriimehedinti.ro\/index.php\/wp-json\/wp\/v2\/pages"}],"about":[{"href":"https:\/\/spalatoriimehedinti.ro\/index.php\/wp-json\/wp\/v2\/types\/page"}],"author":[{"embeddable":true,"href":"https:\/\/spalatoriimehedinti.ro\/index.php\/wp-json\/wp\/v2\/users\/1"}],"replies":[{"embeddable":true,"href":"https:\/\/spalatoriimehedinti.ro\/index.php\/wp-json\/wp\/v2\/comments?post=27"}],"version-history":[{"count":13,"href":"https:\/\/spalatoriimehedinti.ro\/index.php\/wp-json\/wp\/v2\/pages\/27\/revisions"}],"predecessor-version":[{"id":570,"href":"https:\/\/spalatoriimehedinti.ro\/index.php\/wp-json\/wp\/v2\/pages\/27\/revisions\/570"}],"wp:attachment":[{"href":"https:\/\/spalatoriimehedinti.ro\/index.php\/wp-json\/wp\/v2\/media?parent=27"}],"curies":[{"name":"wp","href":"https:\/\/api.w.org\/{rel}","templated":true}]}}