{"id":409,"date":"2023-11-30T14:15:32","date_gmt":"2023-11-30T11:15:32","guid":{"rendered":"https:\/\/spalatoriimehedinti.ro\/?page_id=409"},"modified":"2026-04-02T21:27:20","modified_gmt":"2026-04-02T18:27:20","slug":"pachete-pacii-car-wash","status":"publish","type":"page","link":"https:\/\/spalatoriimehedinti.ro\/index.php\/pachete-pacii-car-wash\/","title":{"rendered":"Pachete P\u0103cii Car Wash"},"content":{"rendered":"\n<p class=\"has-text-align-center\"><strong><mark style=\"background-color:#ffffff\" class=\"has-inline-color\">AUTOTURISM<\/mark><\/strong><\/p>\n\n\n\n<p><strong>pachet interior: <mark style=\"background-color:rgba(0, 0, 0, 0);color:#fee500\" class=\"has-inline-color\">50 lei<\/mark><\/strong><br>aspirat \/ degresare integral\u0103 plastic sau piele \/ portbagaj \/ decontaminare geamuri<\/p>\n\n\n\n<p><strong>pachet interior \/ exterior hibrid:<mark style=\"background-color:rgba(0, 0, 0, 0);color:#fee500\" class=\"has-inline-color\">50 lei<strong><mark style=\"background-color:rgba(0, 0, 0, 0);color:#fee500\" class=\"has-inline-color\">+<\/mark><\/strong><\/mark><\/strong><br>\u2022 15 lei : \u0219ampon\/spum\u0103 activ\u0103, cl\u0103tire, timp execu\u021bie: aprox. 4 min.<br>\u2022 30 lei: spum\u0103 activ\u0103, periat jante, cl\u0103tire, cear\u0103, 1 uscare: aprox. 50%,<br>timp execu\u021bie: aprox. 6 min.<br>\u2022 50 lei: sp\u0103lare \u0219asiu, periat jante, spum\u0103 activ\u0103 1, cl\u0103tire, spum\u0103 activ\u0103 2, cl\u0103tire, cear\u0103, 2 usc\u0103ri: aprox. 70%, timp execu\u021bie: aprox. 8 min.<br>\u2022 100 lei: sp\u0103lare \u0219asiu, periat jante, spum\u0103 activ\u0103 1, cl\u0103tire, spum\u0103 activ\u0103 2, cl\u0103tire, spum\u0103 activ\u0103 3, cl\u0103tire, ceramic\u0103 rapid\u0103, 4 uscari: aprox. 90%,\u00a0timp\u00a0execu\u021bie: aprox. 11 min.<\/p>\n\n\n\n<p><\/p>\n\n\n\n<p><\/p>\n\n\n\n<p class=\"has-text-align-center\"><strong><mark style=\"background-color:#ffffff\" class=\"has-inline-color\">SUV\/MONOVOLUM<\/mark><\/strong><\/p>\n\n\n\n<p><strong>pachet interior: <mark style=\"background-color:rgba(0, 0, 0, 0);color:#fee500\" class=\"has-inline-color\">60 lei<\/mark><br><\/strong>aspirat \/ degresare integral\u0103 plastic sau piele \/ portbagaj \/ decontaminare geamuri<\/p>\n\n\n\n<p><strong>pachet interior \/ exterior hibrid: <mark style=\"background-color:rgba(0, 0, 0, 0);color:#fee500\" class=\"has-inline-color\">60 lei<strong><mark style=\"background-color:rgba(0, 0, 0, 0);color:#fee500\" class=\"has-inline-color\">+<\/mark><\/strong><\/mark><\/strong><br>\u2022 15 lei : \u0219ampon\/spum\u0103 activ\u0103, cl\u0103tire, timp execu\u021bie: aprox. 4 min.<br>\u2022 30 lei: spum\u0103 activ\u0103, periat jante, cl\u0103tire, cear\u0103, 1 uscare: aprox. 50%,<br>timp execu\u021bie: aprox. 6 min.<br>\u2022 50 lei: sp\u0103lare \u0219asiu, periat jante, spum\u0103 activ\u0103 1, cl\u0103tire, spum\u0103 activ\u0103 2, cl\u0103tire, cear\u0103, 2 usc\u0103ri: aprox. 70%, timp execu\u021bie: aprox. 8 min.<br>\u2022 100 lei: sp\u0103lare \u0219asiu, periat jante, spum\u0103 activ\u0103 1, cl\u0103tire, spum\u0103 activ\u0103 2, cl\u0103tire, spum\u0103 activ\u0103 3, cl\u0103tire, ceramic\u0103 rapid\u0103, 4 uscari: aprox. 90%,\u00a0timp\u00a0execu\u021bie: aprox. 11 min.<\/p>\n\n\n\n<p><\/p>\n\n\n\n<p class=\"has-text-align-center\"><strong><mark style=\"background-color:#ffffff\" class=\"has-inline-color\">AUTOUTILITAR\u0102  3,5T marf\u0103<\/mark><\/strong><\/p>\n\n\n\n<p>pachet exterior: <strong><mark style=\"background-color:rgba(0, 0, 0, 0);color:#fee500\" class=\"has-inline-color\">120 lei<\/mark><\/strong><br>prespalare \/ spalare\/ cear\u0103 teflonat\u0103 \/ hidratare anvelope<\/p>\n\n\n\n<p>pachet interior <strong><mark style=\"background-color:rgba(0, 0, 0, 0);color:#fee500\" class=\"has-inline-color\">80 lei<\/mark><\/strong><br>aspirat \/ degresare integral\u0103 plastic sau piele \/ aspirat ben\u0103 \/ decontaminare geamuri<\/p>\n\n\n\n<p>pachet interior\/exterior: <strong><mark style=\"background-color:rgba(0, 0, 0, 0);color:#fee500\" class=\"has-inline-color\">150 lei<\/mark><\/strong><br>aspirat \/ degresare integral\u0103 plastic sau piele \/ sp\u0103lat ben\u0103 \/ decontaminare geamuri \/ presp\u0103lare \/ sp\u0103lare\/ cear\u0103 teflonat\u0103&nbsp;\/ hidratare anvelope<\/p>\n\n\n\n<p><\/p>\n\n\n\n<p class=\"has-text-align-center\"><strong><mark style=\"background-color:#ffffff\" class=\"has-inline-color\">MICROBUZ 8+1 locuri:<\/mark><\/strong><\/p>\n\n\n\n<p>pachet exterior<strong><mark style=\"background-color:rgba(0, 0, 0, 0);color:#fee500\" class=\"has-inline-color\"> 80 lei<\/mark><\/strong><br>presp\u0103lare \/ sp\u0103lare\/ cear\u0103 teflonat\u0103 \/ hidratare anvelope<\/p>\n\n\n\n<p>pachet interior <strong><mark style=\"background-color:rgba(0, 0, 0, 0);color:#fee500\" class=\"has-inline-color\">100 lei<\/mark><\/strong><br>aspirat \/ degresare integral\u0103 plastic sau piele \/ portbagaj \/ decontaminare geamuri<\/p>\n\n\n\n<p>pachet interior\/exterior <strong><mark style=\"background-color:rgba(0, 0, 0, 0);color:#fee500\" class=\"has-inline-color\">150 lei<\/mark><\/strong><br>aspirat \/ degresare integral\u0103 plastic sau piele \/ portbagaj \/ decontaminare geamuri \/ presp\u0103lare \/ sp\u0103lare\/ cear\u0103 teflonat\u0103&nbsp;\/ hidratare anvelope<\/p>\n\n\n\n<p><\/p>\n\n\n\n<p class=\"has-text-align-center\"><strong><mark style=\"background-color:#ffffff\" class=\"has-inline-color\">AUTOUTILITAR\u0102 3,5T 8+ locuri<\/mark><\/strong><\/p>\n\n\n\n<p>pachet exterior<strong><mark style=\"background-color:rgba(0, 0, 0, 0);color:#000000\" class=\"has-inline-color\"> <\/mark><mark style=\"background-color:rgba(0, 0, 0, 0);color:#fee500\" class=\"has-inline-color\">120 lei<\/mark><\/strong><br>presp\u0103lare \/ sp\u0103lare\/ cear\u0103 teflonat\u0103 \/ hidratare anvelope<\/p>\n\n\n\n<p>pachet interior <strong><mark style=\"background-color:rgba(0, 0, 0, 0);color:#fee500\" class=\"has-inline-color\">150 lei<\/mark><\/strong><br>aspirat \/ degresare integral\u0103 plastic sau piele \/sp\u0103lat podea\/ portbagaj \/ decontaminare geamuri<\/p>\n\n\n\n<p>pachet interior\/exterior <strong><mark style=\"background-color:rgba(0, 0, 0, 0);color:#fee500\" class=\"has-inline-color\">250 lei<\/mark><\/strong><br>aspirat \/ degresare integral\u0103 plastic sau piele \/ sp\u0103lat podea\/ portbagaj \/decontaminare geamuri \/ presp\u0103lare \/ sp\u0103lare\/ cear\u0103 teflonat\u0103&nbsp;\/ hidratare&nbsp;anvelope<\/p>\n\n\n\n<p class=\"has-text-align-center\">[ <a href=\"https:\/\/spalatoriimehedinti.ro\/\" data-type=\"page\" data-id=\"14\"><mark style=\"background-color:rgba(0, 0, 0, 0);color:#fffafa\" class=\"has-inline-color\"><strong>\u00cenapoi<\/strong><\/mark><\/a> ]<\/p>\n\n\n\n<p><\/p>\n","protected":false},"excerpt":{"rendered":"<p>AUTOTURISM pachet interior: 50 leiaspirat \/ degresare integral\u0103 plastic sau piele \/ portbagaj \/ decontaminare geamuri pachet interior \/ exterior hibrid:50 lei+\u2022 15 lei : \u0219ampon\/spum\u0103 activ\u0103, cl\u0103tire, timp execu\u021bie: aprox. 4 min.\u2022 30 lei: spum\u0103 activ\u0103, periat jante, cl\u0103tire, cear\u0103, 1 uscare: aprox. 50%,timp execu\u021bie: aprox. 6 min.\u2022 50 lei: sp\u0103lare \u0219asiu, periat jante, [&hellip;]<\/p>\n","protected":false},"author":1,"featured_media":0,"parent":0,"menu_order":0,"comment_status":"closed","ping_status":"closed","template":"","meta":{"_acf_changed":false,"_themeisle_gutenberg_block_has_review":false,"footnotes":""},"class_list":["post-409","page","type-page","status-publish","hentry"],"acf":[],"_links":{"self":[{"href":"https:\/\/spalatoriimehedinti.ro\/index.php\/wp-json\/wp\/v2\/pages\/409","targetHints":{"allow":["GET"]}}],"collection":[{"href":"https:\/\/spalatoriimehedinti.ro\/index.php\/wp-json\/wp\/v2\/pages"}],"about":[{"href":"https:\/\/spalatoriimehedinti.ro\/index.php\/wp-json\/wp\/v2\/types\/page"}],"author":[{"embeddable":true,"href":"https:\/\/spalatoriimehedinti.ro\/index.php\/wp-json\/wp\/v2\/users\/1"}],"replies":[{"embeddable":true,"href":"https:\/\/spalatoriimehedinti.ro\/index.php\/wp-json\/wp\/v2\/comments?post=409"}],"version-history":[{"count":21,"href":"https:\/\/spalatoriimehedinti.ro\/index.php\/wp-json\/wp\/v2\/pages\/409\/revisions"}],"predecessor-version":[{"id":791,"href":"https:\/\/spalatoriimehedinti.ro\/index.php\/wp-json\/wp\/v2\/pages\/409\/revisions\/791"}],"wp:attachment":[{"href":"https:\/\/spalatoriimehedinti.ro\/index.php\/wp-json\/wp\/v2\/media?parent=409"}],"curies":[{"name":"wp","href":"https:\/\/api.w.org\/{rel}","templated":true}]}}